9*s. Let c(x) be the second derivative of w(x). Give c(6).
-4
Let s(q) = -q**3 + q**2 - q - 1. Let t(m) = -m. Let h(v) = 12*v**3 + v**2 - v + 1. Let z(y) = -h(y) + t(y). Let n(i) = -s(i) + z(i). Calculate n(1).
-12
Suppose -4*a - 40 = a - 5*w, -5*a = 4*w + 49. Let x be 10/(-6)*(a/(-3) - 6). Let y(c) = c**3 - 4*c**2 - 4*c + 7. Determine y(x).
12
Let z(n) = -n**3 + 3*n**2 + 6*n - 4. Let h be z(4). Suppose 1 = -d + h. Let q(j) = -2*j + 3*j + 2*j. Determine q(d).
9
Let x(r) be the first derivative of r**4/8 - r**3/2 - 13*r**2/2 - 44. Let w(n) be the second derivative of x(n). Let s = 11 - 15. Give w(s).
-15
Suppose -3*p = 5*g + 7, g + 8 = 2*p - 2*g. Let b be (p - 4/3)*-6. Suppose -3 = b*u + 5. Let w(v) = 3*v + 6. Calculate w(u).
-6
Let g(r) = -2*r + 9. Suppose 2*p = -3*p - 4*b + 138, 3*p = b + 93. Let h = 33 - p. Suppose -6*c + h*c + 21 = 0. Determine g(c).
-5
Let i be ((-4)/(-5) - (-2)/10)*2. Let n(h) = 1 + 2*h + 0*h + i*h + 0. Determine n(-5).
-19
Let b = 19 - 15. Let m(f) = 10 - 6 + f - 2*f + b. Determine m(6).
2
Let p(g) = 2*g + 45*g - 2*g**2 - 47*g + g**2 - g**3 - 6. Calculate p(0).
-6
Let m(v) = 2*v**2 - 4 - 11*v**2 - 2 + v**2 + v**3. What is m(8)?
-6
Let v = -137 + 212. Let y = -70 + v. Let p(t) = t**3 - 6*t**2 + 3*t + 1. Determine p(y).
-9
Let b(s) = -3063 - s**2 - 10*s + 3066 + 0*s**2. Give b(-12).
-21
Let x be ((-9)/6)/(3/(-8)). Suppose -3*i + 3*q + 21 = 0, 5*i - x*q - 31 = -0. Let h be -3 - i*(-3 - -2). Let k(s) = -s**3 + s + 4. Give k(h).
4
Let p(h) = h**3 - 10*h**2 - 11*h. Let j = 552 + -541. What is p(j)?
0
Let i be (-7)/(-7)*(6 + -3). Suppose 27 = 2*q + i*m, -q - 4*q - 5*m = -55. Let b(l) = -3*l + 3. Give b(q).
-15
Let o(q) be the first derivative of q**4/4 + 2*q**3 + 5*q**2/2 - 2*q - 376. Let j be (5*(0 - 1))/1. Give o(j).
-2
Suppose -o + 1 = 6. Let i(q) = -1 - 4*q**3 - q + q**3 + 2*q**3 + 2. Let u(m) = 3*m**3 + 4*m**2 - m + 5. Let d(l) = 2*i(l) + u(l). Give d(o).
-3
Let o(l) = -l - 10 + 2*l + 0*l. Suppose 0 = 27*d - 18*d - 45. What is o(d)?
-5
Suppose 4*l + 5*u - 67 = 0, 0*u = -3*u - 15. Let f = -21 + l. Let a(x) = -f*x**2 - 1 + x - 6 + 3*x**2 - 1. What is a(0)?
-8
Let l(o) = o + 16. Let n(u) = u**3 - 10*u**2 + 33*u - 144. Let p be n(8). What is l(p)?
8
Let r(k) = k**2 + 2*k - 2. Let n = -15 + 8. Let v = -6 - n. Suppose -2*d - v = 7. Give r(d).
6
Suppose 8*c = 734 - 718. Let v(z) = -z**3 - 2*z**2 - 2. Let l(g) = -5*g**3 - 9*g**2 - 9. Let u(q) = 2*l(q) - 9*v(q). What is u(c)?
-8
Let n(c) = 12*c - 18. Let h(r) = 19*r - 26. Let p(f) = -5*h(f) + 8*n(f). Determine p(10).
-4
Let r(l) = l**2 + 65*l + 65. Let c be r(-1). Let i = 0 + 0. Let y(n) = i*n + 3*n + 1 + n. Give y(c).
5
Let p(j) = -3*j**2 + j - 7. Let h(c) = 10*c**2 - 3*c + 23. Let b(i) = 2*h(i) + 7*p(i). Give b(-3).
-15
Let a(k) = k**3 - 5*k**2 - 4*k - 6. Suppose 5*t + 4*h - 11 - 27 = 0, -h = -2. Let z be a(t). Let j(f) = 11 - z*f + f**2 - 1 - 3. What is j(5)?
2
Let g = -160 - -152. Let n(w) = -w + 2. What is n(g)?
10
Suppose -4*t = 3*f - 8, 21 = 5*t - 0*f + f. Let u(h) be the second derivative of h**5/20 - h**4/3 - h**3 - 5*h**2/2 - 24*h + 4. Give u(t).
-10
Let c(i) = -4*i + 7. Suppose 3*f - v + 28 = 0, -3*f - 7*v + 6*v = 38. Calculate c(f).
51
Let t(b) = 25*b - 21*b - b**2 - 1 - 2 - 2. Let q be t(4). Let u = -3 + q. Let j(i) = i**2 + 7*i. Calculate j(u).
8
Let k = -291 + 288. Let h(o) = 3*o + 3. Give h(k).
-6
Suppose -q + 34 = 2*x, 0 = -x - 2*q + 7*q + 28. Suppose 6*a + x = 3*a. Let w(u) = 4*u**2 + 3*u**2 + u**3 - 2 + 4*u - 6. Determine w(a).
4
Let z(t) = 6*t - 34. Let c(m) = 9*m + 3. Let r(b) = 5*b + 1. Let s(w) = -6*c(w) + 11*r(w). Let q(p) = 11*s(p) - 2*z(p). Let j be 1 - (-15 + 8 + 8). Give q(j).
-9
Let s(l) = 12*l**2 - 25*l + 25. Let t(n) = 7*n**2 - 13*n + 13. Let c(x) = -3*s(x) + 5*t(x). Give c(11).
-21
Let a(v) = -v**2 - 8*v + 7. Let q(n) = -n**2 - 9*n + 6. Let x(h) = -4*a(h) + 3*q(h). Let j be x(-7). Let c(g) = g**3 - 5*g**2 + 3*g + 4. Determine c(j).
0
Let i(r) be the third derivative of -1/60*r**5 - 17*r**2 + 0*r - 5/24*r**4 - 1/3*r**3 + 0. Give i(-5).
-2
Let i(d) be the first derivative of -5*d**2/2 + d + 30. Let v be i(0). Let l(w) = 2*w**3 + 1. Give l(v).
3
Let o(z) = -7*z**2 + 5*z + 5. Let a(b) = 8*b**2 - 5*b - 5. Let u(p) = -6*a(p) - 7*o(p). Let r(v) = -14*v - 3. Let i be r(-3). Let n = i + -34. Calculate u(n).
-5
Let h(y) be the second derivative of y**3/6 - 4*y**2 + y + 179. Calculate h(0).
-8
Let f(h) = 4*h + 2. Suppose -10 - 60 = 7*n. Let i be 8/10*(-25)/n. Determine f(i).
10
Let x(i) = 5 + 1 + 13*i - 12*i. Determine x(-4).
2
Let a(y) = -5*y**2 - 7. Let x(u) = 6*u**2 + 8. Let q(b) = -7*a(b) - 6*x(b). Suppose -v + 15 = 4*v. Suppose -4*h = 3*f + 14, 3*h + 2 = -v*f - 7. What is q(f)?
-3
Let k(u) be the first derivative of -u**4/24 - 4*u**3/3 - 25*u**2/2 - 40. Let b(l) be the second derivative of k(l). What is b(-6)?
-2
Let h(w) = 20 - 11*w**3 + 0*w**3 + 9*w**3 + 3*w**3. Calculate h(0).
20
Suppose -4*v = 3*v - 14. Let w(p) = -2 + 0*p + 5 + 3*p - v + p**2. Let q = -1 + -3. Determine w(q).
5
Let z(h) = -4*h + 26. Let w be z(5). Suppose -w*v = -26 + 50. Let p(m) = 2*m**2 + 6*m + 4. Determine p(v).
12
Suppose 0*a - a - 4*b = 8, 0 = 3*a + 3*b - 21. Suppose -a*q + 9*q - 24 = 0. Let n(c) = -2*c - 5. What is n(q)?
11
Suppose 3*z - 6 = 9. Let p(s) = 5*s - 5. Let j(c) = 14*c - 15. Let w(a) = -4*j(a) + 11*p(a). Calculate w(z).
0
Let h(b) = 2*b - 3. Suppose -5*q + 40 = -4*n, 4*n + q + 12 = -q. Determine h(n).
-13
Let k be (-1 + 5)/(0 - 1). Let u(b) = -4*b**2 - 8*b + 1. Let h(y) = 9*y**2 + 18*y - 1. Let a(i) = -3*h(i) - 7*u(i). Give a(k).
4
Let o(k) = -k. Let i(h) = -5*h - 1. Let z(f) = -i(f) + 4*o(f). Calculate z(5).
6
Let u(c) = -3*c - 2. Let d(o) = -o**2 - 3*o - 4. Let b(k) = -2*d(k) + 3*u(k). Give b(2).
4
Let m(q) be the first derivative of 5*q - 25. Let g(n) = n. Let r(f) = 4*g(f) + m(f). What is r(-5)?
-15
Let b(j) be the first derivative of -j**4/4 + 4*j**3/3 - 4*j + 2. Suppose -5*l + 15 = 5*g + 10, 0 = 5*l + 4*g - 7. What is b(l)?
5
Let v(y) = y**3 - 11*y**2 - 5*y - 13. Let p be v(11). Let h be p/(-12) - 2/3. Suppose -h*j + 12 = -2*j. Let i(c) = 5*c - 3. Give i(j).
17
Let c(k) = -k**3 + 6*k**2 - 4*k - 5. Let h(l) = -l**2 + 14*l - 8. Let w be h(9). Let j = w - 33. Suppose j*o + 4 = 0, -5*o = 2*p - 5*p + 20. What is c(p)?
0
Let b = -106 + 125. Suppose 0*i = 5*l - 5*i - 45, 0 = l + 4*i - 14. Let g(x) = -x - l - x**3 + b + 0*x. Calculate g(0).
9
Let q(p) = 3*p - 2. Suppose -2 = -2*y + y. Let c = 3 + -1. Let l be c - (-4)/4*y. Determine q(l).
10
Let g(o) be the second derivative of -o**5/20 - o**4/12 + o**3/3 + o**2 - 2*o - 2. What is g(-2)?
2
Let b(g) be the third derivative of g**5/60 - g**4/4 - 4*g**3/3 + 13*g**2. Suppose p - 6 = -0*p. Let t be (8/p)/(4/18). What is b(t)?
-8
Let v = -22 - -28. Suppose -3*o = 15 - v. Let d(a) = -a + 4. Determine d(o).
7
Let h(m) be the second derivative of 11*m + 0 + 5*m**2 - 1/6*m**3. Determine h(-7).
17
Let z(s) = -s**3 - 11*s**2 - 37*s - 11. Let h(f) = 2*f**3 + 20*f**2 + 74*f + 20. Let d(b) = -2*h(b) - 5*z(b). Determine d(-12).
3
Let v = -44 + 38. Let n(x) be the first derivative of -x**2/2 - 8*x + 9. Calculate n(v).
-2
Let g be (-2)/6 + (-34)/6. Let c(m) = 2*m**3 - 3*m**2 - m + 8. Let x(l) = -5*l**3 + 10*l**2 + 3*l - 22. Let p(z) = -8*c(z) - 3*x(z). Determine p(g).
8
Suppose -18 = -36*y - 198. Let x = 1 - -3. Let s(a) = 7 - a**3 + 7*a + a**2 - x - 5*a**2. Determine s(y).
-7
Suppose k - 2 = 5. Let z(x) = 2 - 7*x - k*x + 16*x. Give z(-4).
-6
Suppose 4*a = -0*a + 36. Suppose -40 = -4*z - 4*b, -2*z + 4*b + a = z. Let w(y) = 2*y - 8. Calculate w(z).
6
Let g(u) be the first derivative of -6*u**2 - 2*u - 167. What is g(2)?
-26
Let f(w) = w - w + 0*w + w - 12. Let j be (12/(-14))/(78/(-728)). Calculate f(j).
-4
Suppose 4*y + j - 7 - 6 = 0, 4*y = j + 3. Let c(p) = 0*p - 113 + 3*p + 0*p - p**2 + 112. What is c(y)?
1
Let i be ((-4)/(-3))/((-4)/(-12)). Let a(q) = -4*q**3 + 8*q**2 + 4*q - 2. Let g(x) = 5*x**3 - 9*x**2 - 4*x + 1. Let h(s) = i*a(s) + 3*g(s). Give h(5).
15
Let y(q) = -q**3 - 2*q**2 + 3. Let u be y(-3). Let s(n) = n**3 - 11*n**2 - 14*n + 4. Determine s(u).
-20
Let w(r) = -r**2 + 4*r. Suppose 0 = -j - 4*c + 17 + 8, -2*j = 3*c - 60. Suppose s - 39 + j = 0. Determine w(s).
-12
Let b(x) = 23 + 0*x + 3*x - x - 2. Let w(t) = t + 11. L